the ten thousands digit of 63916?
6
What is the tens digit of 265040?
4
What is the hundreds digit of 750307?
3
What is the hundreds digit of 383507?
5
What is the hundreds digit of 41145?
1
What is the hundreds digit of 74125?
1
What is the hundreds digit of 1925327?
3
What is the hundred thousands digit of 1677127?
6
What is the tens digit of 286386?
8
What is the ten thousands digit of 196722?
9
What is the ten thousands digit of 2238534?
3
What is the hundred thousands digit of 2032814?
0
What is the tens digit of 1082596?
9
What is the units digit of 5701284?
4
What is the ten thousands digit of 10378476?
7
What is the hundred thousands digit of 292503?
2
What is the units digit of 876338?
8
What is the hundred thousands digit of 4301214?
3
What is the hundred thousands digit of 4635298?
6
What is the hundred thousands digit of 3802445?
8
What is the ten thousands digit of 1824895?
2
What is the tens digit of 28836926?
2
What is the thousands digit of 41172629?
2
What is the hundreds digit of 95426?
4
What is the hundred thousands digit of 2306761?
3
What is the units digit of 13346015?
5
What is the ten thousands digit of 89736?
8
What is the ten thousands digit of 15735659?
3
What is the tens digit of 6331?
3
What is the hundreds digit of 9092165?
1
What is the units digit of 1614759?
9
What is the hundreds digit of 2625403?
4
What is the ten thousands digit of 6386572?
8
What is the hundreds digit of 173883?
8
What is the ten thousands digit of 130350?
3
What is the ten thousands digit of 1217892?
1
What is the hundreds digit of 24250386?
3
What is the hundreds digit of 24812042?
0
What is the hundreds digit of 11626363?
3
What is the ten thousands digit of 3332133?
3
What is the units digit of 947257?
7
What is the ten millions digit of 19139736?
1
What is the tens digit of 544168?
6
What is the units digit of 11332965?
5
What is the millions digit of 14728288?
4
What is the tens digit of 308711?
1
What is the tens digit of 2892201?
0
What is the ten thousands digit of 33777711?
7
What is the millions digit of 3988813?
3
What is the tens digit of 1630620?
2
What is the millions digit of 12539254?
2
What is the hundreds digit of 912857?
8
What is the tens digit of 22251769?
6
What is the hundreds digit of 1238788?
7
What is the units digit of 2227886?
6
What is the thousands digit of 38203611?
3
What is the thousands digit of 2660706?
0
What is the units digit of 3546314?
4
What is the hundred thousands digit of 2449752?
4
What is the millions digit of 20025568?
0
What is the hundred thousands digit of 170405?
1
What is the hundreds digit of 7022771?
7
What is the tens digit of 5426956?
5
What is the units digit of 1251730?
0
What is the thousands digit of 267751?
7
What is the units digit of 5087838?
8
What is the units digit of 213858?
8
What is the hundred thousands digit of 164901?
1
What is the hundred thousands digit of 596672?
5
What is the millions digit of 4548773?
4
What is the hundred thousands digit of 225750?
2
What is the millions digit of 21704616?
1
What is the units digit of 1239799?
9
What is the tens digit of 184578?
7
What is the units digit of 207205?
5
What is the units digit of 994231?
1
What is the tens digit of 408292?
9
What is the ten thousands digit of 646013?
4
What is the tens digit of 242243?
4
What is the tens digit of 229293?
9
What is the hundreds digit of 1390962?
9
What is the thousands digit of 1393350?
3
What is the units digit of 71357?
7
What is the thousands digit of 951700?
1
What is the hundred thousands digit of 385031?
3
What is the thousands digit of 96442?
6
What is the hundred thousands digit of 461843?
4
What is the thousands digit of 11205?
1
What is the ten thousands digit of 1127487?
2
What is the units digit of 269954?
4
What is the thousands digit of 2298467?
8
What is the tens digit of 234570?
7
What is the tens digit of 5488708?
0
What is the units digit of 12356718?
8
What is the units digit of 345356?
6
What is the hundred thousands digit of 528382?
5
What is the tens digit of 4604631?
3
What is the tens digit of 6457951?
5
What is the tens digit of 644284?
8
What is the units digit of 1954457?
7
What is the hundred thousands digit of 17856949?
8
What is the thousands digit of 3441716?
1
What is the hundreds digit of 28455329?
3
What is the hundred thousands digit of 1965705?
9
What is the millions digit of 1217336?
1
What is the units digit of 207188?
8
What is the thousands digit of 2220281?
0
What is the ten thousands digit of 4256788?
5
What is the hundred thousands digit of 5667536?
6
What is the hundreds digit of 132450?
4
What is the hundred thousands digit of 569351?
5
What is the thousands digit of 1130001?
0
What is the hundreds digit of 16745446?
4
What is the hundreds digit of 138764?
7
What is the thousands digit of 583055?
3
What is the millions digit of 1255528?
1
What is the units digit of 1636556?
6
What is the tens digit of 177421?
2
What is the ten thousands digit of 147394?
4
What is the hundred thousands digit of 2405093?
4
What is the thousands digit of 212227?
2
What is the hundreds digit of 2354274?
2
What is the thousands digit of 20945544?
5
What is the hundred thousands digit of 570605?
5
What is the thousands digit of 1450108?
0
What is the thousands digit of 249146?
9
What is the hundreds digit of 19387?
3
What is the hundred thousands digit of 1011725?
0
What is the units digit of 43015?
5
What is the tens digit of 180233?
3
What is the hundreds digit of 5271184?
1
What is the tens digit of 2543888?
8
What is the millions digit of 4009435?
4
What is the ten thousands digit of 452384?
5
What is the tens digit of 2032039?
3
What is the thousands digit of 120297?
0
What is the hundred thousands digit of 103796?
1
What is the thousands digit of 247433?
7
What is the millions digit of 4678182?
4
What is the units digit of 522684?
4
What is the ten millions digit of 16664366?
1
What is the units digit of 16513153?
3
What is the tens digit of 456397?
9
What is the ten thousands digit of 597230?
9
What is the hundreds digit of 709606?
6
What is the hundreds digit of 240675?
6
What is the ten thousands digit of 24467177?
6
What is the tens digit of 475208?
0
What is the thousands digit of 4379833?
9
What is the hundred thousands digit of 10908071?
9
What is the hundreds digit of 6908?
9
What is the units digit of 9358?
8
What is the tens digit of 40103?
0
What is the ten thousands digit of 33080?
3
What is the hundred thousands digit of 417628?
4
What is the thousands digit of 882949?
2
What is the ten thousands digit of 546249?
4
What is the thousands digit of 412750?
2
What is the hundred thousands digit of 3495531?
4
What is the hundred thousands digit of 147506?
1
What is the hundreds digit of 36161269?
2
What is the hundred thousands digit of 480590?
4
What is the thousands digit of 2360364?
0
What is the units digit of 2283277?
7
What is the tens digit of 54960?
6
What is the ten thousands digit of 243210?
4
What is the ten thousands digit of 320583?
2
What is the hundreds digit of 330616?
6
What is the thousands digit of 926354?
6
What is the thousands digit of 4249474?
9
What is the units digit of 248013?
3
What is the hundred thousands digit of 676283?
6
What is the hundreds digit of 3342489?
4
What is the units digit of 117507?
7
What is the thousands digit of 12982397?
2
What is the hundred thousands digit of 571488?
5
What is the ten thousands digit of 471177?
7
What is the hundred thousands digit of 196656?
1
What is the millions digit of 34086711?
4
What is the tens digit of 90987?
8
What is the thousands digit of 214811?
4
What is the hundreds digit of 448592?
5
What is the millions digit of 2053475?
2
What is the millions digit of 1152285?
1
What is the tens digit of 5728320?
2
What is the millions digit of 14487640?
4
What is the hundreds digit of 235084?
0
What is the hundred thousands digit of 222628?
2
What is the hundreds digit of 962096?
0
What is the millions digit of 15387041?
5
What is the hundreds digit of 3909495?
4
What is the tens digit of 1370055?
5
What is the hundreds digit of 204400?
4
What is the ten thousands digit of 434731?
3
What is the tens digit of 3144521?
2
What is the hundreds digit of 9738896?
8
What is the te